 15552 - -215403?
235355
In base 5, what is -1414 + -320400?
-322314
In base 13, what is 9a962 - -140?
9aaa2
In base 6, what is -3043302 - 15541?
-3103243
In base 3, what is -2200110210202 - 10101?
-2200110221010
In base 6, what is -10 - -2514532424?
2514532414
In base 11, what is 146549 + -755?
1458a4
In base 2, what is 100101110101 - 11011010?
100010011011
In base 16, what is 87f8fe - -3?
87f901
In base 8, what is -712570 - 141?
-712731
In base 4, what is 311201 + 300101?
1211302
In base 6, what is 220 - 12053345?
-12053125
In base 2, what is 10000100110101011100 + -11?
10000100110101011001
In base 4, what is -12210222 + -20100010?
-32310232
In base 12, what is 584 - -18720?
190a4
In base 13, what is 65b82 + 101?
65c83
In base 8, what is -325206 - -14?
-325172
In base 16, what is 94 - 39e59?
-39dc5
In base 7, what is -1400460 - 5024?
-1405514
In base 15, what is -26 - -5a645?
5a61e
In base 2, what is -110101001011000110000 + -1?
-110101001011000110001
In base 15, what is -3ac1 + -617?
-41d8
In base 4, what is 120 + -302310031220?
-302310031100
In base 7, what is 333062224 - -2?
333062226
In base 4, what is -21210010332000 - -3?
-21210010331331
In base 4, what is 10 - 110221031003?
-110221030333
In base 9, what is -76574467 + 5?
-76574462
In base 9, what is 21407812 - -4?
21407816
In base 15, what is 18 + -1681d?
-16805
In base 5, what is -2003144 + -213344?
-2222043
In base 4, what is 10110 + -10311310200?
-10311300030
In base 2, what is -111011001 + -101011101011011101?
-101011110010110110
In base 9, what is 3 + -5483317?
-5483314
In base 16, what is ad7 - 3a8c?
-2fb5
In base 7, what is 1 - -2004606532?
2004606533
In base 6, what is -33223425 + 3?
-33223422
In base 12, what is a - -1125448?
1125456
In base 8, what is -5002 - -23047?
16045
In base 9, what is -412 + -1884330?
-1884742
In base 11, what is -24 - -a2006?
a1a92
In base 8, what is -4 - -201601020?
201601014
In base 6, what is -11 + 402554042?
402554031
In base 6, what is 5051 - -4200243?
4205334
In base 11, what is 2a6724a73 + -5?
2a6724a69
In base 3, what is -112 + -2121102112020?
-2121102112202
In base 10, what is 15876 - 985?
14891
In base 11, what is 5 - 13089701?
-130896a7
In base 3, what is 221211020 + 1200100?
1000111120
In base 9, what is -8 + 37213187?
37213178
In base 4, what is -11011 - -101131101?
101120030
In base 15, what is -1cccc78 - -7?
-1cccc71
In base 15, what is -49 - 679a85?
-679ace
In base 11, what is -277900 + 219?
-277692
In base 10, what is -204728 - 85?
-204813
In base 11, what is 5 - 10778308?
-10778303
In base 3, what is 12002212101021 - 22?
12002212100222
In base 8, what is -5 - 2602204?
-2602211
In base 10, what is -85955 - -28?
-85927
In base 6, what is -23231105 + 2112?
-23224553
In base 11, what is -1461 + 21401?
1aa50
In base 15, what is 2 - 1e0d88?
-1e0d86
In base 7, what is 41562444 + 0?
41562444
In base 5, what is -1223422 - -42124?
-1131243
In base 15, what is 1dd3 - -454c?
6430
In base 7, what is -13 - 4635031?
-4635044
In base 7, what is -1 - 1352543631?
-1352543632
In base 8, what is -4 - 21207651?
-21207655
In base 4, what is 1 - -1003021333120?
1003021333121
In base 4, what is -3 + 10132213000?
10132212331
In base 3, what is 11111012101010 + 121?
11111012101201
In base 6, what is 5043 - -4140?
13223
In base 7, what is 30254 + 10230?
40514
In base 14, what is 139 - 6643?
-6508
In base 6, what is -235505441 + -11?
-235505452
In base 2, what is -100100110 + 1001101100?
101000110
In base 13, what is 49 - -998a4?
99920
In base 7, what is 526 - -45?
604
In base 12, what is 18b946 - -132?
18ba78
In base 5, what is 33 + -343243214?
-343243131
In base 13, what is -709b14 + 0?
-709b14
In base 9, what is 167872457 - -2?
167872460
In base 10, what is -11233 + 8665?
-2568
In base 5, what is -11013123 + 1242?
-11011331
In base 14, what is -b319487 - 2?
-b319489
In base 3, what is 212002211001 + -21?
212002210210
In base 14, what is -939b4 - 1?
-939b5
In base 2, what is -1100011010010110111 - -10011010?
-1100011010000011101
In base 6, what is -1 + 12552334250?
12552334245
In base 4, what is 2200232 + 201001122?
203202020
In base 12, what is 51257102 + -3?
512570bb
In base 9, what is -7824 - 4617?
-13542
In base 10, what is 1441062 - 5?
1441057
In base 6, what is -523 - -4442252?
4441325
In base 8, what is -6115645471 - -4?
-6115645465
In base 15, what is cd30 - 2be1?
a13e
In base 13, what is -a - -1b77914?
1b77907
In base 13, what is -3 + c10671c?
c106719
In base 16, what is cfa - -4536f?
46069
In base 16, what is -1899 + 11f65?
106cc
In base 16, what is 107 + 295?
39c
In base 13, what is -46369 + 44?
-46325
In base 9, what is 3053506 + 7?
3053514
In base 7, what is 54 + 134035434?
134035521
In base 11, what is -574859 - 24?
-574882
In base 9, what is -158 + 1121402?
1121233
In base 6, what is 11515002303 + 4?
11515002311
In base 7, what is -145204 - 5?
-145212
In base 12, what is 129b815a - -2?
129b8160
In base 12, what is 1a - -154821?
15483b
In base 3, what is -1121 - 111102211110?
-111102220001
In base 14, what is 5a - -36c409?
36c465
In base 5, what is -1011103 - 302?
-1011410
In base 8, what is -7506417012 + 1?
-7506417011
In base 2, what is 100 + -1100000100111110011100011011?
-1100000100111110011100010111
In base 5, what is 13344041010 - 2?
13344041003
In base 2, what is -11011001011110011011101 + 100111?
-11011001011110010110110
In base 2, what is -110100000011111001011010000 + -10?
-110100000011111001011010010
In base 16, what is -4ed + -1abd?
-1faa
In base 15, what is ca910b4 + 6?
ca910ba
In base 2, what is -11010010 + 10010011010010011?
10010010111000001
In base 7, what is 240416636 + 0?
240416636
In base 3, what is 122220 + 2122221122?
2200121112
In base 15, what is -6 + 381e29?
381e23
In base 8, what is 11070 + -11126?
-36
In base 2, what is -11101110101000 + 11011?
-11101110001101
In base 6, what is 4 - -302241105?
302241113
In base 6, what is 0 - -400023001?
400023001
In base 9, what is -5 - 105428867?
-105428873
In base 9, what is 352062 + 5?
352067
In base 16, what is 1245903 + 7?
124590a
In base 14, what is -a + -4534?
-4540
In base 9, what is 35157843 + -113?
35157730
In base 13, what is -1b36c + -86c?
-1bc0b
In base 7, what is 6504 - -503212?
513016
In base 9, what is -32083436 - -4?
-32083432
In base 4, what is -11 + -110302231231?
-110302231302
In base 3, what is -201000121111 - -2000?
-201000112111
In base 11, what is -6116 + -4889?
-a9a4
In base 7, what is 1205115 - 11162?
1163623
In base 9, what is 233771 - 122?
233648
In base 10, what is 587 - -1836112?
1836699
In base 4, what is 2 - 11210311112210?
-11210311112202
In base 10, what is -147 + 49196?
49049
In base 5, what is -123401 - -1203223?
1024322
In base 6, what is -10521321 + 102?
-10521215
In base 3, what is -2010112101 + 122012?
-2002220012
In base 12, what is -793b + -5478?
-111b7
In base 2, what is 101110110100000101111001011 + -1101?
101110110100000101110111110
In base 2, what is -101000110101001 - -101110011000?
-100011000010001
In base 5, what is -1044441321 + 10?
-1044441311
In base 6, what is 1022 - -44050124?
44051150
In base 6, what is -210032 - 54?
-210130
In base 16, what is -81712e - 0?
-81712e
In base 7, what is 211120215 - 3?
211120212
In base 13, what is -3 + 8558b4?
8558b1
In base 11, what is -76a7047 + 14?
-76a7033
In base 16, what is 6 + 1b51a2?
1b51a8
In base 13, what is 8710 + -1144?
7599
In base 16, what is -6 + -3bda68?
-3bda6e
In base 5, what is 203243033 - 224?
203242304
In base 13, what is 13665 - -74?
13709
In base 4, what is -13022123121 + 212?
-13022122303
In base 3, what is 100101100120 - 1021122?
100100001221
In base 2, what is 1100110101010010011100000 + -10000?
1100110101010010011010000
In base 16, what is 78d6e0 + -3?
78d6dd
In base 12, what is a6a - 145685?
-144817
In base 7, what is 41621326 - -3?
41621332
In base 9, what is 0 - 28333660?
-28333660
In base 8, what is 126256 + -1245?
125011
In base 3, what is -1102100211222002 + 12?
-1102100211221220
In base 7, what is -2460 + -163360?
-166150
In base 10, what is -4 - 13375741?
-13375745
In base 2, what is 100000011100010001 - -1?
100000011100010010
In base 13, what is 807 + 232b?
2b35
In base 15, what is 9443e6 - e?
9443d7
In base 8, what is -333 + 2415000?
2414445
In base 4, what